{"id":12381,"date":"2024-11-15T21:45:29","date_gmt":"2024-11-15T20:45:29","guid":{"rendered":"https:\/\/dorfgemeinschaft-stetten.de\/?page_id=12381"},"modified":"2025-11-18T09:51:54","modified_gmt":"2025-11-18T08:51:54","slug":"adventsfenster-2024","status":"publish","type":"page","link":"https:\/\/dorfgemeinschaft-stetten.de\/?page_id=12381","title":{"rendered":"Adventsfenster 2025"},"content":{"rendered":"<h2 class=\"wpdt-c\" id=\"wdt-table-title-6\">Adventsfenster 2025<\/h2>\n<div class=\"wpdt-c\">\n    \n<input type=\"hidden\" id=\"wdtNonceFrontendEdit\" name=\"wdtNonceFrontendEdit\" value=\"5842b4fbf3\" \/><input type=\"hidden\" name=\"_wp_http_referer\" value=\"\/index.php?rest_route=%2Fwp%2Fv2%2Fpages%2F12381\" \/>    <input type=\"hidden\" id=\"table_1_desc\" value='{\"tableId\":\"table_1\",\"tableType\":\"manual\",\"selector\":\"#table_1\",\"responsive\":false,\"editable\":false,\"inlineEditing\":false,\"infoBlock\":true,\"globalSearch\":true,\"showRowsPerPage\":true,\"popoverTools\":false,\"hideBeforeLoad\":false,\"number_format\":1,\"decimalPlaces\":2,\"spinnerSrc\":\"https:\\\/\\\/dorfgemeinschaft-stetten.de\\\/wp-content\\\/plugins\\\/wpdatatables\\\/assets\\\/\\\/img\\\/spinner.gif\",\"groupingEnabled\":false,\"tableWpId\":\"6\",\"dataTableParams\":{\"sDom\":\"BT\\u003C\\u0027clear\\u0027\\u003Elftip\",\"bSortCellsTop\":false,\"bFilter\":true,\"bPaginate\":true,\"aLengthMenu\":[[1,5,10,25,50,100,-1],[1,5,10,25,50,100,\"All\"]],\"iDisplayLength\":25,\"columnDefs\":[{\"sType\":\"formatted-num\",\"wdtType\":\"int\",\"bVisible\":false,\"orderable\":true,\"searchable\":true,\"InputType\":\"text\",\"name\":\"wdt_ID\",\"origHeader\":\"wdt_ID\",\"notNull\":false,\"conditionalFormattingRules\":[],\"className\":\"numdata integer  column-wdt_id\",\"aTargets\":[0]},{\"sType\":\"string\",\"wdtType\":\"string\",\"bVisible\":true,\"orderable\":true,\"searchable\":true,\"InputType\":\"text\",\"name\":\"tag\",\"origHeader\":\"tag\",\"notNull\":false,\"conditionalFormattingRules\":[],\"className\":\" column-tag\",\"aTargets\":[1]},{\"sType\":\"string\",\"wdtType\":\"string\",\"bVisible\":true,\"orderable\":true,\"searchable\":true,\"InputType\":\"text\",\"name\":\"familiename\",\"origHeader\":\"familiename\",\"notNull\":false,\"conditionalFormattingRules\":[],\"className\":\" column-familiename\",\"aTargets\":[2]},{\"sType\":\"string\",\"wdtType\":\"string\",\"bVisible\":true,\"orderable\":true,\"searchable\":true,\"InputType\":\"text\",\"name\":\"adresse\",\"origHeader\":\"adresse\",\"notNull\":false,\"conditionalFormattingRules\":[],\"className\":\" column-adresse\",\"aTargets\":[3]},{\"sType\":\"string\",\"wdtType\":\"string\",\"bVisible\":true,\"orderable\":true,\"searchable\":true,\"InputType\":\"text\",\"name\":\"uhrzeit\",\"origHeader\":\"uhrzeit\",\"notNull\":false,\"conditionalFormattingRules\":[],\"className\":\" column-uhrzeit\",\"aTargets\":[4]},{\"sType\":\"string\",\"wdtType\":\"string\",\"bVisible\":false,\"orderable\":true,\"searchable\":true,\"InputType\":\"text\",\"name\":\"umtrunk\",\"origHeader\":\"umtrunk\",\"notNull\":false,\"conditionalFormattingRules\":[],\"className\":\" column-umtrunk\",\"aTargets\":[5]}],\"bAutoWidth\":false,\"order\":[[0,\"asc\"]],\"ordering\":true,\"oLanguage\":{\"sProcessing\":\"Bitte warten...\",\"sLengthMenu\":\"_MENU_ Eintr\\u00e4ge anzeigen\",\"sZeroRecords\":\"Keine Eintr\\u00e4ge vorhanden.\",\"sInfo\":\"_START_ bis _END_ von _TOTAL_ Eintr\\u00e4gen\",\"sInfoEmpty\":\"0 bis 0 von 0 Eintr\\u00e4gen\",\"sInfoFiltered\":\"(gefiltert von _MAX_  Eintr\\u00e4gen)\",\"sInfoPostFix\":\"\",\"sSearch\":\"Suchen\",\"sUrl\":\"\",\"oPaginate\":{\"sFirst\":\"Erster\",\"sPrevious\":\"Zur\\u00fcck\",\"sNext\":\"N\\u00e4chster\",\"sLast\":\"Letzter\"}},\"buttons\":[{\"extend\":\"print\",\"exportOptions\":{\"columns\":\":visible\"},\"className\":\"DTTT_button DTTT_button_print\",\"text\":\"Drucken\"},{\"extend\":\"excelHtml5\",\"exportOptions\":{\"columns\":\":visible\"},\"className\":\"DTTT_button DTTT_button_xls\",\"title\":\"Adventsfenster 2025\",\"text\":\"Excel\"},{\"extend\":\"csvHtml5\",\"exportOptions\":{\"columns\":\":visible\"},\"className\":\"DTTT_button DTTT_button_csv\",\"title\":\"Adventsfenster 2025\",\"text\":\"CSV\"}],\"bProcessing\":false,\"serverSide\":true,\"ajax\":{\"url\":\"https:\\\/\\\/dorfgemeinschaft-stetten.de\\\/wp-admin\\\/admin-ajax.php?action=get_wdtable&table_id=6\",\"type\":\"POST\"},\"sPaginationType\":\"full_numbers\",\"oSearch\":{\"bSmart\":false,\"bRegex\":false,\"sSearch\":\"\"}},\"tabletWidth\":\"1024\",\"mobileWidth\":\"480\",\"advancedFilterEnabled\":true,\"advancedFilterOptions\":{\"aoColumns\":[{\"type\":\"null\",\"columnType\":\"int\",\"numberOfDecimalPlaces\":\"2\",\"possibleValuesType\":\"read\",\"values\":null,\"origHeader\":\"wdt_ID\",\"displayHeader\":\"wdt_ID\",\"possibleValuesAddEmpty\":false,\"possibleValuesAjax\":-1,\"defaultValue\":\"\",\"exactFiltering\":false,\"filterLabel\":\"\",\"checkboxesInModal\":0,\"linkButtonLabel\":\"\",\"rangeSlider\":false},{\"type\":\"text\",\"columnType\":\"string\",\"numberOfDecimalPlaces\":\"2\",\"possibleValuesType\":\"read\",\"values\":null,\"origHeader\":\"tag\",\"displayHeader\":\"Tag\",\"possibleValuesAddEmpty\":false,\"possibleValuesAjax\":10,\"defaultValue\":\"\",\"exactFiltering\":false,\"filterLabel\":\"\",\"checkboxesInModal\":0,\"linkButtonLabel\":\"\",\"rangeSlider\":false},{\"type\":\"text\",\"columnType\":\"string\",\"numberOfDecimalPlaces\":\"2\",\"possibleValuesType\":\"read\",\"values\":null,\"origHeader\":\"familiename\",\"displayHeader\":\"Familie \\\/Name\",\"possibleValuesAddEmpty\":false,\"possibleValuesAjax\":10,\"defaultValue\":\"\",\"exactFiltering\":false,\"filterLabel\":\"\",\"checkboxesInModal\":0,\"linkButtonLabel\":\"\",\"rangeSlider\":false},{\"type\":\"text\",\"columnType\":\"string\",\"numberOfDecimalPlaces\":\"2\",\"possibleValuesType\":\"read\",\"values\":null,\"origHeader\":\"adresse\",\"displayHeader\":\"Adresse\",\"possibleValuesAddEmpty\":false,\"possibleValuesAjax\":10,\"defaultValue\":\"\",\"exactFiltering\":false,\"filterLabel\":\"\",\"checkboxesInModal\":0,\"linkButtonLabel\":\"\",\"rangeSlider\":false},{\"type\":\"text\",\"columnType\":\"string\",\"numberOfDecimalPlaces\":\"2\",\"possibleValuesType\":\"read\",\"values\":null,\"origHeader\":\"uhrzeit\",\"displayHeader\":\"Uhrzeit\",\"possibleValuesAddEmpty\":false,\"possibleValuesAjax\":10,\"defaultValue\":\"\",\"exactFiltering\":false,\"filterLabel\":\"\",\"checkboxesInModal\":0,\"linkButtonLabel\":\"\",\"rangeSlider\":false},{\"type\":\"text\",\"columnType\":\"string\",\"numberOfDecimalPlaces\":\"2\",\"possibleValuesType\":\"read\",\"values\":null,\"origHeader\":\"umtrunk\",\"displayHeader\":\"Umtrunk\",\"possibleValuesAddEmpty\":false,\"possibleValuesAjax\":10,\"defaultValue\":\"\",\"exactFiltering\":false,\"filterLabel\":\"\",\"checkboxesInModal\":0,\"linkButtonLabel\":\"\",\"rangeSlider\":false}],\"bUseColVis\":true},\"filterInForm\":false,\"serverSide\":true,\"autoRefreshInterval\":0,\"processing\":true,\"fnServerData\":true,\"columnsFixed\":0,\"sumFunctionsLabel\":\"\",\"avgFunctionsLabel\":\"\",\"minFunctionsLabel\":\"\",\"maxFunctionsLabel\":\"\",\"columnsDecimalPlaces\":{\"wdt_ID\":-1,\"tag\":-1,\"familiename\":-1,\"adresse\":-1,\"uhrzeit\":-1,\"umtrunk\":-1},\"columnsThousandsSeparator\":{\"wdt_ID\":0},\"sumColumns\":[],\"avgColumns\":[],\"sumAvgColumns\":[],\"timeFormat\":\"H:i\",\"datepickFormat\":\"dd\\\/mm\\\/yy\"}'\/>\n\n    <table id=\"table_1\"\n           class=\"  display nowrap data-t data-t wpDataTable\"\n           style=\"\"\n           data-described-by='table_1_desc'\n           data-wpdatatable_id=\"6\">\n\n        <!-- Table header -->\n        \n<thead>\n<tr>\n                    <th\n                        class=\" wdtheader sort numdata integer \"\n        style=\"\">wdt_ID<\/th>        <th\n        data-class=\"expand\"                class=\" wdtheader sort \"\n        style=\"\">Tag<\/th>        <th\n                        class=\" wdtheader sort \"\n        style=\"\">Familie \/Name<\/th>        <th\n                        class=\" wdtheader sort \"\n        style=\"\">Adresse<\/th>        <th\n                        class=\" wdtheader sort \"\n        style=\"\">Uhrzeit<\/th>        <th\n                        class=\" wdtheader sort \"\n        style=\"\">Umtrunk<\/th>    <\/tr>\n<\/thead>\n        <!-- \/Table header -->\n\n        <!-- Table body -->\n        \n<tbody>\n        <tr id=\"table_6_row_0\">\n                    <td style=\"\">2<\/td>\n                    <td style=\"\">1<\/td>\n                    <td style=\"\">Brunnentreff<\/td>\n                    <td style=\"\">Am neuen Brunnen-Dorfplatz<\/td>\n                    <td style=\"\">18:00 Uhr<\/td>\n                    <td style=\"\">Ja<\/td>\n            <\/tr>\n            <tr id=\"table_6_row_1\">\n                    <td style=\"\">3<\/td>\n                    <td style=\"\">2<\/td>\n                    <td style=\"\">Familie G\u00fcntert<\/td>\n                    <td style=\"\">Alpenblickstr. 27<\/td>\n                    <td style=\"\"><\/td>\n                    <td style=\"\">Nein<\/td>\n            <\/tr>\n            <tr id=\"table_6_row_2\">\n                    <td style=\"\">4<\/td>\n                    <td style=\"\">3<\/td>\n                    <td style=\"\">Familie Ebi<\/td>\n                    <td style=\"\">Feldlestra\u00dfe 2<\/td>\n                    <td style=\"\"><\/td>\n                    <td style=\"\">Nein<\/td>\n            <\/tr>\n            <tr id=\"table_6_row_3\">\n                    <td style=\"\">5<\/td>\n                    <td style=\"\">4<\/td>\n                    <td style=\"\">Familie Hupfer\/Mihailowitsch<\/td>\n                    <td style=\"\">Dorfstra\u00dfe 46<\/td>\n                    <td style=\"\"><\/td>\n                    <td style=\"\">Nein<\/td>\n            <\/tr>\n            <tr id=\"table_6_row_4\">\n                    <td style=\"\">6<\/td>\n                    <td style=\"\">5<\/td>\n                    <td style=\"\">Familie K\u00fcbler<\/td>\n                    <td style=\"\">H\u00f6fleweg 7<\/td>\n                    <td style=\"\"><\/td>\n                    <td style=\"\">Nein<\/td>\n            <\/tr>\n            <tr id=\"table_6_row_5\">\n                    <td style=\"\">7<\/td>\n                    <td style=\"\">6<\/td>\n                    <td style=\"\">Nikolaus Dorfgemeinschaft<\/td>\n                    <td style=\"\">Beim B\u00fcrgerhaus<\/td>\n                    <td style=\"\">18:00 Uhr<\/td>\n                    <td style=\"\">Ja<\/td>\n            <\/tr>\n            <tr id=\"table_6_row_6\">\n                    <td style=\"\">8<\/td>\n                    <td style=\"\">7<\/td>\n                    <td style=\"\">Familie Morath<\/td>\n                    <td style=\"\">Dorfstra\u00dfe 22<\/td>\n                    <td style=\"\"><\/td>\n                    <td style=\"\">Nein<\/td>\n            <\/tr>\n            <tr id=\"table_6_row_7\">\n                    <td style=\"\">9<\/td>\n                    <td style=\"\">8<\/td>\n                    <td style=\"\">Familie Werne<\/td>\n                    <td style=\"\">Berg\u00f6schinger Stra\u00dfe 18<\/td>\n                    <td style=\"\"><\/td>\n                    <td style=\"\">Nein<\/td>\n            <\/tr>\n            <tr id=\"table_6_row_8\">\n                    <td style=\"\">10<\/td>\n                    <td style=\"\">9<\/td>\n                    <td style=\"\">Familie Hupfer<\/td>\n                    <td style=\"\">Berg\u00f6schinger Stra\u00dfe 9<\/td>\n                    <td style=\"\"><\/td>\n                    <td style=\"\">Nein<\/td>\n            <\/tr>\n            <tr id=\"table_6_row_9\">\n                    <td style=\"\">11<\/td>\n                    <td style=\"\">10<\/td>\n                    <td style=\"\">Familie Amann<\/td>\n                    <td style=\"\">Dorfstra\u00dfe 12<\/td>\n                    <td style=\"\"><\/td>\n                    <td style=\"\">Nein<\/td>\n            <\/tr>\n    <\/tbody>        <!-- \/Table body -->\n\n        <!-- Table footer -->\n        \n    <tfoot>\n                <tr >\n                            <td\n                class=\"wdtheader sort numdata integer \"\n                style=\"\"><\/td>                <td\n                class=\"wdtheader sort \"\n                style=\"\">Tag<\/td>                <td\n                class=\"wdtheader sort \"\n                style=\"\">Familie \/Name<\/td>                <td\n                class=\"wdtheader sort \"\n                style=\"\">Adresse<\/td>                <td\n                class=\"wdtheader sort \"\n                style=\"\">Uhrzeit<\/td>                <td\n                class=\"wdtheader sort \"\n                style=\"\">Umtrunk<\/td>        <\/tr>\n                            <\/tfoot>\n        <!-- \/Table footer -->\n\n    <\/table>\n\n<\/div><style>\ntable.wpDataTable td.numdata { text-align: right !important; }\n<\/style>\n\n","protected":false},"excerpt":{"rendered":"<p>Adventsfenster 2025 wdt_ID Tag Familie \/Name Adresse Uhrzeit Umtrunk 2 1 Brunnentreff Am neuen Brunnen-Dorfplatz 18:00 Uhr Ja 3 2 Familie G\u00fcntert Alpenblickstr. 27 Nein 4 3 Familie Ebi Feldlestra\u00dfe 2 Nein 5 4 Familie Hupfer\/Mihailowitsch Dorfstra\u00dfe 46 Nein 6 5 Familie K\u00fcbler H\u00f6fleweg 7 Nein 7 6 Nikolaus Dorfgemeinschaft Beim B\u00fcrgerhaus 18:00 Uhr Ja&hellip;<\/p>\n","protected":false},"author":336,"featured_media":0,"parent":0,"menu_order":0,"comment_status":"closed","ping_status":"closed","template":"","meta":{"footnotes":""},"acf":[],"_links":{"self":[{"href":"https:\/\/dorfgemeinschaft-stetten.de\/index.php?rest_route=\/wp\/v2\/pages\/12381"}],"collection":[{"href":"https:\/\/dorfgemeinschaft-stetten.de\/index.php?rest_route=\/wp\/v2\/pages"}],"about":[{"href":"https:\/\/dorfgemeinschaft-stetten.de\/index.php?rest_route=\/wp\/v2\/types\/page"}],"author":[{"embeddable":true,"href":"https:\/\/dorfgemeinschaft-stetten.de\/index.php?rest_route=\/wp\/v2\/users\/336"}],"replies":[{"embeddable":true,"href":"https:\/\/dorfgemeinschaft-stetten.de\/index.php?rest_route=%2Fwp%2Fv2%2Fcomments&post=12381"}],"version-history":[{"count":3,"href":"https:\/\/dorfgemeinschaft-stetten.de\/index.php?rest_route=\/wp\/v2\/pages\/12381\/revisions"}],"predecessor-version":[{"id":12441,"href":"https:\/\/dorfgemeinschaft-stetten.de\/index.php?rest_route=\/wp\/v2\/pages\/12381\/revisions\/12441"}],"wp:attachment":[{"href":"https:\/\/dorfgemeinschaft-stetten.de\/index.php?rest_route=%2Fwp%2Fv2%2Fmedia&parent=12381"}],"curies":[{"name":"wp","href":"https:\/\/api.w.org\/{rel}","templated":true}]}}